{"id":7169,"date":"2023-03-15T15:16:27","date_gmt":"2023-03-15T13:16:27","guid":{"rendered":"https:\/\/www.hantulantaimi.fi\/?post_type=product&#038;p=7169"},"modified":"2024-02-27T16:19:58","modified_gmt":"2024-02-27T14:19:58","slug":"potentilla-fruticosa-goldfinger-pensashanhikki-kopio","status":"publish","type":"product","link":"https:\/\/www.hantulantaimi.fi\/?product=potentilla-fruticosa-goldfinger-pensashanhikki-kopio","title":{"rendered":"POTENTILLA FRUTICOSA &#8217;GOLDTEPPICH&#8217;  -Pensashanhikki"},"content":{"rendered":"","protected":false},"excerpt":{"rendered":"<p><span style=\"color: #ff3333;\"><b>UUSI VALIKOIMISSAMME 2022 !!<br \/>\n<\/b><\/span>Astiataimi C1,5<br \/>\nSyv\u00e4nvihre\u00e4lehtinen, hyvin matala ja leve\u00e4,<br \/>\nrentoversoinen lajike sopii hyvin maanpeitt\u00e4j\u00e4ksi<br \/>\naurinkoisille paikoille.<br \/>\nKukinta: tummankeltaiset kukat hein\u00e4-syyskuussa<br \/>\nKorkeus: 0,6-0,8m.<br \/>\nKasvupaikka: vaatii kukkiakseen valoisan paikan, mutta menestyy my\u00f6s puolivarjossa<br \/>\nja vaikka siet\u00e4\u00e4kin kuivaa ja niukkaravinteista hiekkamaata, todelliseen kukoistukseen<br \/>\npensas puhkeaa paksussa mullassa<br \/>\nTaimiv\u00e4li: 0,7m<br \/>\nVy\u00f6hyke: V.<\/p>\n","protected":false},"featured_media":7171,"template":"","meta":{"site-sidebar-layout":"default","site-content-layout":"default","ast-site-content-layout":"default","site-content-style":"default","site-sidebar-style":"default","ast-global-header-display":"","ast-banner-title-visibility":"","ast-main-header-display":"","ast-hfb-above-header-display":"","ast-hfb-below-header-display":"","ast-hfb-mobile-header-display":"","site-post-title":"","ast-breadcrumbs-content":"","ast-featured-img":"","footer-sml-layout":"","theme-transparent-header-meta":"default","adv-header-id-meta":"","stick-header-meta":"","header-above-stick-meta":"","header-main-stick-meta":"","header-below-stick-meta":"","astra-migrate-meta-layouts":"default","ast-page-background-enabled":"default","ast-page-background-meta":{"desktop":{"background-color":"","background-image":"","background-repeat":"repeat","background-position":"center center","background-size":"auto","background-attachment":"scroll","background-type":"","background-media":"","overlay-type":"","overlay-color":"","overlay-opacity":"","overlay-gradient":""},"tablet":{"background-color":"","background-image":"","background-repeat":"repeat","background-position":"center center","background-size":"auto","background-attachment":"scroll","background-type":"","background-media":"","overlay-type":"","overlay-color":"","overlay-opacity":"","overlay-gradient":""},"mobile":{"background-color":"","background-image":"","background-repeat":"repeat","background-position":"center center","background-size":"auto","background-attachment":"scroll","background-type":"","background-media":"","overlay-type":"","overlay-color":"","overlay-opacity":"","overlay-gradient":""}},"ast-content-background-meta":{"desktop":{"background-color":"var(--ast-global-color-5)","background-image":"","background-repeat":"repeat","background-position":"center center","background-size":"auto","background-attachment":"scroll","background-type":"","background-media":"","overlay-type":"","overlay-color":"","overlay-opacity":"","overlay-gradient":""},"tablet":{"background-color":"var(--ast-global-color-5)","background-image":"","background-repeat":"repeat","background-position":"center center","background-size":"auto","background-attachment":"scroll","background-type":"","background-media":"","overlay-type":"","overlay-color":"","overlay-opacity":"","overlay-gradient":""},"mobile":{"background-color":"var(--ast-global-color-5)","background-image":"","background-repeat":"repeat","background-position":"center center","background-size":"auto","background-attachment":"scroll","background-type":"","background-media":"","overlay-type":"","overlay-color":"","overlay-opacity":"","overlay-gradient":""}}},"product_brand":[],"product_cat":[55],"product_tag":[96],"class_list":{"0":"post-7169","1":"product","2":"type-product","3":"status-publish","4":"has-post-thumbnail","6":"product_cat-koristepensaat","7":"product_tag-dasiphora","8":"desktop-align-left","9":"tablet-align-left","10":"mobile-align-left","12":"first","13":"instock","14":"shipping-taxable","15":"purchasable","16":"product-type-simple"},"yoast_head":"<!-- This site is optimized with the Yoast SEO plugin v26.9 - https:\/\/yoast.com\/product\/yoast-seo-wordpress\/ -->\n<title>POTENTILLA FRUTICOSA &#039;GOLDTEPPICH&#039; -Pensashanhikki -<\/title>\n<meta name=\"robots\" content=\"index, follow, max-snippet:-1, max-image-preview:large, max-video-preview:-1\" \/>\n<link rel=\"canonical\" href=\"https:\/\/www.hantulantaimi.fi\/?product=potentilla-fruticosa-goldfinger-pensashanhikki-kopio\" \/>\n<meta property=\"og:locale\" content=\"fi_FI\" \/>\n<meta property=\"og:type\" content=\"article\" \/>\n<meta property=\"og:title\" content=\"POTENTILLA FRUTICOSA &#039;GOLDTEPPICH&#039; -Pensashanhikki -\" \/>\n<meta property=\"og:description\" content=\"UUSI VALIKOIMISSAMME 2022 !! Astiataimi C1,5 Syv\u00e4nvihre\u00e4lehtinen, hyvin matala ja leve\u00e4, rentoversoinen lajike sopii hyvin maanpeitt\u00e4j\u00e4ksi aurinkoisille paikoille. Kukinta: tummankeltaiset kukat hein\u00e4-syyskuussa Korkeus: 0,6-0,8m. Kasvupaikka: vaatii kukkiakseen valoisan paikan, mutta menestyy my\u00f6s puolivarjossa ja vaikka siet\u00e4\u00e4kin kuivaa ja niukkaravinteista hiekkamaata, todelliseen kukoistukseen pensas puhkeaa paksussa mullassa Taimiv\u00e4li: 0,7m Vy\u00f6hyke: V.\" \/>\n<meta property=\"og:url\" content=\"https:\/\/www.hantulantaimi.fi\/?product=potentilla-fruticosa-goldfinger-pensashanhikki-kopio\" \/>\n<meta property=\"article:modified_time\" content=\"2024-02-27T14:19:58+00:00\" \/>\n<meta property=\"og:image\" content=\"https:\/\/www.hantulantaimi.fi\/wp-content\/uploads\/2023\/03\/Potentilla-frut-Goldteppich-1.8.04_copy.jpg\" \/>\n\t<meta property=\"og:image:width\" content=\"1000\" \/>\n\t<meta property=\"og:image:height\" content=\"785\" \/>\n\t<meta property=\"og:image:type\" content=\"image\/jpeg\" \/>\n<meta name=\"twitter:card\" content=\"summary_large_image\" \/>\n<script type=\"application\/ld+json\" class=\"yoast-schema-graph\">{\"@context\":\"https:\/\/schema.org\",\"@graph\":[{\"@type\":\"WebPage\",\"@id\":\"https:\/\/www.hantulantaimi.fi\/?product=potentilla-fruticosa-goldfinger-pensashanhikki-kopio\",\"url\":\"https:\/\/www.hantulantaimi.fi\/?product=potentilla-fruticosa-goldfinger-pensashanhikki-kopio\",\"name\":\"POTENTILLA FRUTICOSA 'GOLDTEPPICH' -Pensashanhikki -\",\"isPartOf\":{\"@id\":\"https:\/\/www.hantulantaimi.fi\/#website\"},\"primaryImageOfPage\":{\"@id\":\"https:\/\/www.hantulantaimi.fi\/?product=potentilla-fruticosa-goldfinger-pensashanhikki-kopio#primaryimage\"},\"image\":{\"@id\":\"https:\/\/www.hantulantaimi.fi\/?product=potentilla-fruticosa-goldfinger-pensashanhikki-kopio#primaryimage\"},\"thumbnailUrl\":\"https:\/\/www.hantulantaimi.fi\/wp-content\/uploads\/2023\/03\/Potentilla-frut-Goldteppich-1.8.04_copy.jpg\",\"datePublished\":\"2023-03-15T13:16:27+00:00\",\"dateModified\":\"2024-02-27T14:19:58+00:00\",\"breadcrumb\":{\"@id\":\"https:\/\/www.hantulantaimi.fi\/?product=potentilla-fruticosa-goldfinger-pensashanhikki-kopio#breadcrumb\"},\"inLanguage\":\"fi\",\"potentialAction\":[{\"@type\":\"ReadAction\",\"target\":[\"https:\/\/www.hantulantaimi.fi\/?product=potentilla-fruticosa-goldfinger-pensashanhikki-kopio\"]}]},{\"@type\":\"ImageObject\",\"inLanguage\":\"fi\",\"@id\":\"https:\/\/www.hantulantaimi.fi\/?product=potentilla-fruticosa-goldfinger-pensashanhikki-kopio#primaryimage\",\"url\":\"https:\/\/www.hantulantaimi.fi\/wp-content\/uploads\/2023\/03\/Potentilla-frut-Goldteppich-1.8.04_copy.jpg\",\"contentUrl\":\"https:\/\/www.hantulantaimi.fi\/wp-content\/uploads\/2023\/03\/Potentilla-frut-Goldteppich-1.8.04_copy.jpg\",\"width\":1000,\"height\":785,\"caption\":\"OLYMPUS DIGITAL CAMERA\"},{\"@type\":\"BreadcrumbList\",\"@id\":\"https:\/\/www.hantulantaimi.fi\/?product=potentilla-fruticosa-goldfinger-pensashanhikki-kopio#breadcrumb\",\"itemListElement\":[{\"@type\":\"ListItem\",\"position\":1,\"name\":\"Home\",\"item\":\"https:\/\/www.hantulantaimi.fi\/\"},{\"@type\":\"ListItem\",\"position\":2,\"name\":\"Valikoima\",\"item\":\"https:\/\/www.hantulantaimi.fi\/?page_id=768\"},{\"@type\":\"ListItem\",\"position\":3,\"name\":\"POTENTILLA FRUTICOSA &#8217;GOLDTEPPICH&#8217; -Pensashanhikki\"}]},{\"@type\":\"WebSite\",\"@id\":\"https:\/\/www.hantulantaimi.fi\/#website\",\"url\":\"https:\/\/www.hantulantaimi.fi\/\",\"name\":\"\",\"description\":\"\",\"potentialAction\":[{\"@type\":\"SearchAction\",\"target\":{\"@type\":\"EntryPoint\",\"urlTemplate\":\"https:\/\/www.hantulantaimi.fi\/?s={search_term_string}\"},\"query-input\":{\"@type\":\"PropertyValueSpecification\",\"valueRequired\":true,\"valueName\":\"search_term_string\"}}],\"inLanguage\":\"fi\"}]}<\/script>\n<!-- \/ Yoast SEO plugin. -->","yoast_head_json":{"title":"POTENTILLA FRUTICOSA 'GOLDTEPPICH' -Pensashanhikki -","robots":{"index":"index","follow":"follow","max-snippet":"max-snippet:-1","max-image-preview":"max-image-preview:large","max-video-preview":"max-video-preview:-1"},"canonical":"https:\/\/www.hantulantaimi.fi\/?product=potentilla-fruticosa-goldfinger-pensashanhikki-kopio","og_locale":"fi_FI","og_type":"article","og_title":"POTENTILLA FRUTICOSA 'GOLDTEPPICH' -Pensashanhikki -","og_description":"UUSI VALIKOIMISSAMME 2022 !! Astiataimi C1,5 Syv\u00e4nvihre\u00e4lehtinen, hyvin matala ja leve\u00e4, rentoversoinen lajike sopii hyvin maanpeitt\u00e4j\u00e4ksi aurinkoisille paikoille. Kukinta: tummankeltaiset kukat hein\u00e4-syyskuussa Korkeus: 0,6-0,8m. Kasvupaikka: vaatii kukkiakseen valoisan paikan, mutta menestyy my\u00f6s puolivarjossa ja vaikka siet\u00e4\u00e4kin kuivaa ja niukkaravinteista hiekkamaata, todelliseen kukoistukseen pensas puhkeaa paksussa mullassa Taimiv\u00e4li: 0,7m Vy\u00f6hyke: V.","og_url":"https:\/\/www.hantulantaimi.fi\/?product=potentilla-fruticosa-goldfinger-pensashanhikki-kopio","article_modified_time":"2024-02-27T14:19:58+00:00","og_image":[{"width":1000,"height":785,"url":"https:\/\/www.hantulantaimi.fi\/wp-content\/uploads\/2023\/03\/Potentilla-frut-Goldteppich-1.8.04_copy.jpg","type":"image\/jpeg"}],"twitter_card":"summary_large_image","schema":{"@context":"https:\/\/schema.org","@graph":[{"@type":"WebPage","@id":"https:\/\/www.hantulantaimi.fi\/?product=potentilla-fruticosa-goldfinger-pensashanhikki-kopio","url":"https:\/\/www.hantulantaimi.fi\/?product=potentilla-fruticosa-goldfinger-pensashanhikki-kopio","name":"POTENTILLA FRUTICOSA 'GOLDTEPPICH' -Pensashanhikki -","isPartOf":{"@id":"https:\/\/www.hantulantaimi.fi\/#website"},"primaryImageOfPage":{"@id":"https:\/\/www.hantulantaimi.fi\/?product=potentilla-fruticosa-goldfinger-pensashanhikki-kopio#primaryimage"},"image":{"@id":"https:\/\/www.hantulantaimi.fi\/?product=potentilla-fruticosa-goldfinger-pensashanhikki-kopio#primaryimage"},"thumbnailUrl":"https:\/\/www.hantulantaimi.fi\/wp-content\/uploads\/2023\/03\/Potentilla-frut-Goldteppich-1.8.04_copy.jpg","datePublished":"2023-03-15T13:16:27+00:00","dateModified":"2024-02-27T14:19:58+00:00","breadcrumb":{"@id":"https:\/\/www.hantulantaimi.fi\/?product=potentilla-fruticosa-goldfinger-pensashanhikki-kopio#breadcrumb"},"inLanguage":"fi","potentialAction":[{"@type":"ReadAction","target":["https:\/\/www.hantulantaimi.fi\/?product=potentilla-fruticosa-goldfinger-pensashanhikki-kopio"]}]},{"@type":"ImageObject","inLanguage":"fi","@id":"https:\/\/www.hantulantaimi.fi\/?product=potentilla-fruticosa-goldfinger-pensashanhikki-kopio#primaryimage","url":"https:\/\/www.hantulantaimi.fi\/wp-content\/uploads\/2023\/03\/Potentilla-frut-Goldteppich-1.8.04_copy.jpg","contentUrl":"https:\/\/www.hantulantaimi.fi\/wp-content\/uploads\/2023\/03\/Potentilla-frut-Goldteppich-1.8.04_copy.jpg","width":1000,"height":785,"caption":"OLYMPUS DIGITAL CAMERA"},{"@type":"BreadcrumbList","@id":"https:\/\/www.hantulantaimi.fi\/?product=potentilla-fruticosa-goldfinger-pensashanhikki-kopio#breadcrumb","itemListElement":[{"@type":"ListItem","position":1,"name":"Home","item":"https:\/\/www.hantulantaimi.fi\/"},{"@type":"ListItem","position":2,"name":"Valikoima","item":"https:\/\/www.hantulantaimi.fi\/?page_id=768"},{"@type":"ListItem","position":3,"name":"POTENTILLA FRUTICOSA &#8217;GOLDTEPPICH&#8217; -Pensashanhikki"}]},{"@type":"WebSite","@id":"https:\/\/www.hantulantaimi.fi\/#website","url":"https:\/\/www.hantulantaimi.fi\/","name":"","description":"","potentialAction":[{"@type":"SearchAction","target":{"@type":"EntryPoint","urlTemplate":"https:\/\/www.hantulantaimi.fi\/?s={search_term_string}"},"query-input":{"@type":"PropertyValueSpecification","valueRequired":true,"valueName":"search_term_string"}}],"inLanguage":"fi"}]}},"_links":{"self":[{"href":"https:\/\/www.hantulantaimi.fi\/index.php?rest_route=\/wp\/v2\/product\/7169","targetHints":{"allow":["GET"]}}],"collection":[{"href":"https:\/\/www.hantulantaimi.fi\/index.php?rest_route=\/wp\/v2\/product"}],"about":[{"href":"https:\/\/www.hantulantaimi.fi\/index.php?rest_route=\/wp\/v2\/types\/product"}],"version-history":[{"count":2,"href":"https:\/\/www.hantulantaimi.fi\/index.php?rest_route=\/wp\/v2\/product\/7169\/revisions"}],"predecessor-version":[{"id":7174,"href":"https:\/\/www.hantulantaimi.fi\/index.php?rest_route=\/wp\/v2\/product\/7169\/revisions\/7174"}],"wp:featuredmedia":[{"embeddable":true,"href":"https:\/\/www.hantulantaimi.fi\/index.php?rest_route=\/wp\/v2\/media\/7171"}],"wp:attachment":[{"href":"https:\/\/www.hantulantaimi.fi\/index.php?rest_route=%2Fwp%2Fv2%2Fmedia&parent=7169"}],"wp:term":[{"taxonomy":"product_brand","embeddable":true,"href":"https:\/\/www.hantulantaimi.fi\/index.php?rest_route=%2Fwp%2Fv2%2Fproduct_brand&post=7169"},{"taxonomy":"product_cat","embeddable":true,"href":"https:\/\/www.hantulantaimi.fi\/index.php?rest_route=%2Fwp%2Fv2%2Fproduct_cat&post=7169"},{"taxonomy":"product_tag","embeddable":true,"href":"https:\/\/www.hantulantaimi.fi\/index.php?rest_route=%2Fwp%2Fv2%2Fproduct_tag&post=7169"}],"curies":[{"name":"wp","href":"https:\/\/api.w.org\/{rel}","templated":true}]}}