{"id":6870,"date":"2022-07-27T16:21:06","date_gmt":"2022-07-27T13:21:06","guid":{"rendered":"https:\/\/www.hantulantaimi.fi\/?post_type=product&#038;p=6870"},"modified":"2025-08-27T11:58:02","modified_gmt":"2025-08-27T08:58:02","slug":"kekkilan-koristekate-hiilenmusta-45l","status":"publish","type":"product","link":"https:\/\/www.hantulantaimi.fi\/?product=kekkilan-koristekate-hiilenmusta-45l","title":{"rendered":"Kekkil\u00e4n Koristekate, hiilenmusta 45l"},"content":{"rendered":"","protected":false},"excerpt":{"rendered":"<p>Koristekatteella luot puutarhaasi uudenlaisia v\u00e4ripintoja. Se sopii istutusalueiden multapinnan kattamiseen ja puiden ymp\u00e4rille sek\u00e4 pintamateriaaliksi istuttamattomille alueille, poluille, leikkialueille, sek\u00e4 keitti\u00f6puutarhaan.<\/p>\n<p>Koristekate Hiilenmusta sopii hyvin yhdistett\u00e4v\u00e4ksi esimerkiksi monien havukasvien sek\u00e4 harmaalehtisten ja valkokukkaisten kasvien pariksi.<\/p>\n<p>Muiden maanpinnan katteiden tavoin Koristekate pid\u00e4tt\u00e4\u00e4 kosteutta ja v\u00e4hent\u00e4\u00e4 n\u00e4in kastelutarvetta. Se suojaa maaper\u00e4\u00e4 niin kuivina kuin sateisina kausina. Koristekate est\u00e4\u00e4 rikkakasvien siementen it\u00e4mist\u00e4. Katekerroksen alle tarvitaan katekangasta vain jos maassa on monivuotisten rikkakasvien juurakoita. Koristekatetta voi my\u00f6s k\u00e4ytt\u00e4\u00e4 Kuorikatekerroksen pinnan viimeistelyyn. Koristekatteen suositeltu kerrospaksuus on 3-7 cm.<\/p>\n<p>Katteen voi antaa maatua paikalleen tai sen voi my\u00f6hemmin kompostoida. Kate on v\u00e4rj\u00e4tty luonnollisilla rautaoksideilla ja se on t\u00e4ysin turvallinen ymp\u00e4rist\u00f6lle. Koristekatteen v\u00e4ri kest\u00e4\u00e4 hyvin s\u00e4\u00e4olosuhteidemme vaihtelun.<\/p>\n<p>Koristekate Hiilenmusta on luonnonv\u00e4rein v\u00e4rj\u00e4tty\u00e4 puuhaketta ja sen palakoko on 7-50 mm.<\/p>\n<p>Yksi s\u00e4kki riitt\u00e4\u00e4 1m2 alueelle.<\/p>\n","protected":false},"featured_media":6871,"template":"","meta":{"site-sidebar-layout":"default","site-content-layout":"default","ast-site-content-layout":"default","site-content-style":"default","site-sidebar-style":"default","ast-global-header-display":"","ast-banner-title-visibility":"","ast-main-header-display":"","ast-hfb-above-header-display":"","ast-hfb-below-header-display":"","ast-hfb-mobile-header-display":"","site-post-title":"","ast-breadcrumbs-content":"","ast-featured-img":"","footer-sml-layout":"","theme-transparent-header-meta":"default","adv-header-id-meta":"","stick-header-meta":"","header-above-stick-meta":"","header-main-stick-meta":"","header-below-stick-meta":"","astra-migrate-meta-layouts":"default","ast-page-background-enabled":"default","ast-page-background-meta":{"desktop":{"background-color":"","background-image":"","background-repeat":"repeat","background-position":"center center","background-size":"auto","background-attachment":"scroll","background-type":"","background-media":"","overlay-type":"","overlay-color":"","overlay-opacity":"","overlay-gradient":""},"tablet":{"background-color":"","background-image":"","background-repeat":"repeat","background-position":"center center","background-size":"auto","background-attachment":"scroll","background-type":"","background-media":"","overlay-type":"","overlay-color":"","overlay-opacity":"","overlay-gradient":""},"mobile":{"background-color":"","background-image":"","background-repeat":"repeat","background-position":"center center","background-size":"auto","background-attachment":"scroll","background-type":"","background-media":"","overlay-type":"","overlay-color":"","overlay-opacity":"","overlay-gradient":""}},"ast-content-background-meta":{"desktop":{"background-color":"var(--ast-global-color-5)","background-image":"","background-repeat":"repeat","background-position":"center center","background-size":"auto","background-attachment":"scroll","background-type":"","background-media":"","overlay-type":"","overlay-color":"","overlay-opacity":"","overlay-gradient":""},"tablet":{"background-color":"var(--ast-global-color-5)","background-image":"","background-repeat":"repeat","background-position":"center center","background-size":"auto","background-attachment":"scroll","background-type":"","background-media":"","overlay-type":"","overlay-color":"","overlay-opacity":"","overlay-gradient":""},"mobile":{"background-color":"var(--ast-global-color-5)","background-image":"","background-repeat":"repeat","background-position":"center center","background-size":"auto","background-attachment":"scroll","background-type":"","background-media":"","overlay-type":"","overlay-color":"","overlay-opacity":"","overlay-gradient":""}}},"product_brand":[],"product_cat":[106,108],"product_tag":[],"class_list":{"0":"post-6870","1":"product","2":"type-product","3":"status-publish","4":"has-post-thumbnail","6":"product_cat-puutarhatarvikkeet","7":"product_cat-tarjoukset","8":"desktop-align-left","9":"tablet-align-left","10":"mobile-align-left","12":"first","13":"instock","14":"sale","15":"shipping-taxable","16":"purchasable","17":"product-type-simple"},"yoast_head":"<!-- This site is optimized with the Yoast SEO plugin v26.9 - https:\/\/yoast.com\/product\/yoast-seo-wordpress\/ -->\n<title>Kekkil\u00e4n Koristekate, hiilenmusta 45l -<\/title>\n<meta name=\"robots\" content=\"index, follow, max-snippet:-1, max-image-preview:large, max-video-preview:-1\" \/>\n<link rel=\"canonical\" href=\"https:\/\/www.hantulantaimi.fi\/?product=kekkilan-koristekate-hiilenmusta-45l\" \/>\n<meta property=\"og:locale\" content=\"fi_FI\" \/>\n<meta property=\"og:type\" content=\"article\" \/>\n<meta property=\"og:title\" content=\"Kekkil\u00e4n Koristekate, hiilenmusta 45l -\" \/>\n<meta property=\"og:description\" content=\"Koristekatteella luot puutarhaasi uudenlaisia v\u00e4ripintoja. Se sopii istutusalueiden multapinnan kattamiseen ja puiden ymp\u00e4rille sek\u00e4 pintamateriaaliksi istuttamattomille alueille, poluille, leikkialueille, sek\u00e4 keitti\u00f6puutarhaan.  Koristekate Hiilenmusta sopii hyvin yhdistett\u00e4v\u00e4ksi esimerkiksi monien havukasvien sek\u00e4 harmaalehtisten ja valkokukkaisten kasvien pariksi.  Muiden maanpinnan katteiden tavoin Koristekate pid\u00e4tt\u00e4\u00e4 kosteutta ja v\u00e4hent\u00e4\u00e4 n\u00e4in kastelutarvetta. Se suojaa maaper\u00e4\u00e4 niin kuivina kuin sateisina kausina. Koristekate est\u00e4\u00e4 rikkakasvien siementen it\u00e4mist\u00e4. Katekerroksen alle tarvitaan katekangasta vain jos maassa on monivuotisten rikkakasvien juurakoita. Koristekatetta voi my\u00f6s k\u00e4ytt\u00e4\u00e4 Kuorikatekerroksen pinnan viimeistelyyn. Koristekatteen suositeltu kerrospaksuus on 3-7 cm.  Katteen voi antaa maatua paikalleen tai sen voi my\u00f6hemmin kompostoida. Kate on v\u00e4rj\u00e4tty luonnollisilla rautaoksideilla ja se on t\u00e4ysin turvallinen ymp\u00e4rist\u00f6lle. Koristekatteen v\u00e4ri kest\u00e4\u00e4 hyvin s\u00e4\u00e4olosuhteidemme vaihtelun.  Koristekate Hiilenmusta on luonnonv\u00e4rein v\u00e4rj\u00e4tty\u00e4 puuhaketta ja sen palakoko on 7-50 mm.  Yksi s\u00e4kki riitt\u00e4\u00e4 1m2 alueelle.\" \/>\n<meta property=\"og:url\" content=\"https:\/\/www.hantulantaimi.fi\/?product=kekkilan-koristekate-hiilenmusta-45l\" \/>\n<meta property=\"article:modified_time\" content=\"2025-08-27T08:58:02+00:00\" \/>\n<meta property=\"og:image\" content=\"https:\/\/www.hantulantaimi.fi\/wp-content\/uploads\/2022\/07\/koristekate-hiilenmusta.png\" \/>\n\t<meta property=\"og:image:width\" content=\"800\" \/>\n\t<meta property=\"og:image:height\" content=\"800\" \/>\n\t<meta property=\"og:image:type\" content=\"image\/png\" \/>\n<meta name=\"twitter:card\" content=\"summary_large_image\" \/>\n<script type=\"application\/ld+json\" class=\"yoast-schema-graph\">{\"@context\":\"https:\/\/schema.org\",\"@graph\":[{\"@type\":\"WebPage\",\"@id\":\"https:\/\/www.hantulantaimi.fi\/?product=kekkilan-koristekate-hiilenmusta-45l\",\"url\":\"https:\/\/www.hantulantaimi.fi\/?product=kekkilan-koristekate-hiilenmusta-45l\",\"name\":\"Kekkil\u00e4n Koristekate, hiilenmusta 45l -\",\"isPartOf\":{\"@id\":\"https:\/\/www.hantulantaimi.fi\/#website\"},\"primaryImageOfPage\":{\"@id\":\"https:\/\/www.hantulantaimi.fi\/?product=kekkilan-koristekate-hiilenmusta-45l#primaryimage\"},\"image\":{\"@id\":\"https:\/\/www.hantulantaimi.fi\/?product=kekkilan-koristekate-hiilenmusta-45l#primaryimage\"},\"thumbnailUrl\":\"https:\/\/www.hantulantaimi.fi\/wp-content\/uploads\/2022\/07\/koristekate-hiilenmusta.png\",\"datePublished\":\"2022-07-27T13:21:06+00:00\",\"dateModified\":\"2025-08-27T08:58:02+00:00\",\"breadcrumb\":{\"@id\":\"https:\/\/www.hantulantaimi.fi\/?product=kekkilan-koristekate-hiilenmusta-45l#breadcrumb\"},\"inLanguage\":\"fi\",\"potentialAction\":[{\"@type\":\"ReadAction\",\"target\":[\"https:\/\/www.hantulantaimi.fi\/?product=kekkilan-koristekate-hiilenmusta-45l\"]}]},{\"@type\":\"ImageObject\",\"inLanguage\":\"fi\",\"@id\":\"https:\/\/www.hantulantaimi.fi\/?product=kekkilan-koristekate-hiilenmusta-45l#primaryimage\",\"url\":\"https:\/\/www.hantulantaimi.fi\/wp-content\/uploads\/2022\/07\/koristekate-hiilenmusta.png\",\"contentUrl\":\"https:\/\/www.hantulantaimi.fi\/wp-content\/uploads\/2022\/07\/koristekate-hiilenmusta.png\",\"width\":800,\"height\":800},{\"@type\":\"BreadcrumbList\",\"@id\":\"https:\/\/www.hantulantaimi.fi\/?product=kekkilan-koristekate-hiilenmusta-45l#breadcrumb\",\"itemListElement\":[{\"@type\":\"ListItem\",\"position\":1,\"name\":\"Home\",\"item\":\"https:\/\/www.hantulantaimi.fi\/\"},{\"@type\":\"ListItem\",\"position\":2,\"name\":\"Valikoima\",\"item\":\"https:\/\/www.hantulantaimi.fi\/?page_id=768\"},{\"@type\":\"ListItem\",\"position\":3,\"name\":\"Kekkil\u00e4n Koristekate, hiilenmusta 45l\"}]},{\"@type\":\"WebSite\",\"@id\":\"https:\/\/www.hantulantaimi.fi\/#website\",\"url\":\"https:\/\/www.hantulantaimi.fi\/\",\"name\":\"\",\"description\":\"\",\"potentialAction\":[{\"@type\":\"SearchAction\",\"target\":{\"@type\":\"EntryPoint\",\"urlTemplate\":\"https:\/\/www.hantulantaimi.fi\/?s={search_term_string}\"},\"query-input\":{\"@type\":\"PropertyValueSpecification\",\"valueRequired\":true,\"valueName\":\"search_term_string\"}}],\"inLanguage\":\"fi\"}]}<\/script>\n<!-- \/ Yoast SEO plugin. -->","yoast_head_json":{"title":"Kekkil\u00e4n Koristekate, hiilenmusta 45l -","robots":{"index":"index","follow":"follow","max-snippet":"max-snippet:-1","max-image-preview":"max-image-preview:large","max-video-preview":"max-video-preview:-1"},"canonical":"https:\/\/www.hantulantaimi.fi\/?product=kekkilan-koristekate-hiilenmusta-45l","og_locale":"fi_FI","og_type":"article","og_title":"Kekkil\u00e4n Koristekate, hiilenmusta 45l -","og_description":"Koristekatteella luot puutarhaasi uudenlaisia v\u00e4ripintoja. Se sopii istutusalueiden multapinnan kattamiseen ja puiden ymp\u00e4rille sek\u00e4 pintamateriaaliksi istuttamattomille alueille, poluille, leikkialueille, sek\u00e4 keitti\u00f6puutarhaan.  Koristekate Hiilenmusta sopii hyvin yhdistett\u00e4v\u00e4ksi esimerkiksi monien havukasvien sek\u00e4 harmaalehtisten ja valkokukkaisten kasvien pariksi.  Muiden maanpinnan katteiden tavoin Koristekate pid\u00e4tt\u00e4\u00e4 kosteutta ja v\u00e4hent\u00e4\u00e4 n\u00e4in kastelutarvetta. Se suojaa maaper\u00e4\u00e4 niin kuivina kuin sateisina kausina. Koristekate est\u00e4\u00e4 rikkakasvien siementen it\u00e4mist\u00e4. Katekerroksen alle tarvitaan katekangasta vain jos maassa on monivuotisten rikkakasvien juurakoita. Koristekatetta voi my\u00f6s k\u00e4ytt\u00e4\u00e4 Kuorikatekerroksen pinnan viimeistelyyn. Koristekatteen suositeltu kerrospaksuus on 3-7 cm.  Katteen voi antaa maatua paikalleen tai sen voi my\u00f6hemmin kompostoida. Kate on v\u00e4rj\u00e4tty luonnollisilla rautaoksideilla ja se on t\u00e4ysin turvallinen ymp\u00e4rist\u00f6lle. Koristekatteen v\u00e4ri kest\u00e4\u00e4 hyvin s\u00e4\u00e4olosuhteidemme vaihtelun.  Koristekate Hiilenmusta on luonnonv\u00e4rein v\u00e4rj\u00e4tty\u00e4 puuhaketta ja sen palakoko on 7-50 mm.  Yksi s\u00e4kki riitt\u00e4\u00e4 1m2 alueelle.","og_url":"https:\/\/www.hantulantaimi.fi\/?product=kekkilan-koristekate-hiilenmusta-45l","article_modified_time":"2025-08-27T08:58:02+00:00","og_image":[{"width":800,"height":800,"url":"https:\/\/www.hantulantaimi.fi\/wp-content\/uploads\/2022\/07\/koristekate-hiilenmusta.png","type":"image\/png"}],"twitter_card":"summary_large_image","schema":{"@context":"https:\/\/schema.org","@graph":[{"@type":"WebPage","@id":"https:\/\/www.hantulantaimi.fi\/?product=kekkilan-koristekate-hiilenmusta-45l","url":"https:\/\/www.hantulantaimi.fi\/?product=kekkilan-koristekate-hiilenmusta-45l","name":"Kekkil\u00e4n Koristekate, hiilenmusta 45l -","isPartOf":{"@id":"https:\/\/www.hantulantaimi.fi\/#website"},"primaryImageOfPage":{"@id":"https:\/\/www.hantulantaimi.fi\/?product=kekkilan-koristekate-hiilenmusta-45l#primaryimage"},"image":{"@id":"https:\/\/www.hantulantaimi.fi\/?product=kekkilan-koristekate-hiilenmusta-45l#primaryimage"},"thumbnailUrl":"https:\/\/www.hantulantaimi.fi\/wp-content\/uploads\/2022\/07\/koristekate-hiilenmusta.png","datePublished":"2022-07-27T13:21:06+00:00","dateModified":"2025-08-27T08:58:02+00:00","breadcrumb":{"@id":"https:\/\/www.hantulantaimi.fi\/?product=kekkilan-koristekate-hiilenmusta-45l#breadcrumb"},"inLanguage":"fi","potentialAction":[{"@type":"ReadAction","target":["https:\/\/www.hantulantaimi.fi\/?product=kekkilan-koristekate-hiilenmusta-45l"]}]},{"@type":"ImageObject","inLanguage":"fi","@id":"https:\/\/www.hantulantaimi.fi\/?product=kekkilan-koristekate-hiilenmusta-45l#primaryimage","url":"https:\/\/www.hantulantaimi.fi\/wp-content\/uploads\/2022\/07\/koristekate-hiilenmusta.png","contentUrl":"https:\/\/www.hantulantaimi.fi\/wp-content\/uploads\/2022\/07\/koristekate-hiilenmusta.png","width":800,"height":800},{"@type":"BreadcrumbList","@id":"https:\/\/www.hantulantaimi.fi\/?product=kekkilan-koristekate-hiilenmusta-45l#breadcrumb","itemListElement":[{"@type":"ListItem","position":1,"name":"Home","item":"https:\/\/www.hantulantaimi.fi\/"},{"@type":"ListItem","position":2,"name":"Valikoima","item":"https:\/\/www.hantulantaimi.fi\/?page_id=768"},{"@type":"ListItem","position":3,"name":"Kekkil\u00e4n Koristekate, hiilenmusta 45l"}]},{"@type":"WebSite","@id":"https:\/\/www.hantulantaimi.fi\/#website","url":"https:\/\/www.hantulantaimi.fi\/","name":"","description":"","potentialAction":[{"@type":"SearchAction","target":{"@type":"EntryPoint","urlTemplate":"https:\/\/www.hantulantaimi.fi\/?s={search_term_string}"},"query-input":{"@type":"PropertyValueSpecification","valueRequired":true,"valueName":"search_term_string"}}],"inLanguage":"fi"}]}},"_links":{"self":[{"href":"https:\/\/www.hantulantaimi.fi\/index.php?rest_route=\/wp\/v2\/product\/6870","targetHints":{"allow":["GET"]}}],"collection":[{"href":"https:\/\/www.hantulantaimi.fi\/index.php?rest_route=\/wp\/v2\/product"}],"about":[{"href":"https:\/\/www.hantulantaimi.fi\/index.php?rest_route=\/wp\/v2\/types\/product"}],"version-history":[{"count":1,"href":"https:\/\/www.hantulantaimi.fi\/index.php?rest_route=\/wp\/v2\/product\/6870\/revisions"}],"predecessor-version":[{"id":6872,"href":"https:\/\/www.hantulantaimi.fi\/index.php?rest_route=\/wp\/v2\/product\/6870\/revisions\/6872"}],"wp:featuredmedia":[{"embeddable":true,"href":"https:\/\/www.hantulantaimi.fi\/index.php?rest_route=\/wp\/v2\/media\/6871"}],"wp:attachment":[{"href":"https:\/\/www.hantulantaimi.fi\/index.php?rest_route=%2Fwp%2Fv2%2Fmedia&parent=6870"}],"wp:term":[{"taxonomy":"product_brand","embeddable":true,"href":"https:\/\/www.hantulantaimi.fi\/index.php?rest_route=%2Fwp%2Fv2%2Fproduct_brand&post=6870"},{"taxonomy":"product_cat","embeddable":true,"href":"https:\/\/www.hantulantaimi.fi\/index.php?rest_route=%2Fwp%2Fv2%2Fproduct_cat&post=6870"},{"taxonomy":"product_tag","embeddable":true,"href":"https:\/\/www.hantulantaimi.fi\/index.php?rest_route=%2Fwp%2Fv2%2Fproduct_tag&post=6870"}],"curies":[{"name":"wp","href":"https:\/\/api.w.org\/{rel}","templated":true}]}}