{"id":2500,"date":"2019-03-21T15:45:30","date_gmt":"2019-03-21T13:45:30","guid":{"rendered":"https:\/\/www.hantulantaimi.fi\/?post_type=product&#038;p=2500"},"modified":"2026-04-22T12:57:57","modified_gmt":"2026-04-22T09:57:57","slug":"vaccinium-corymbosum-north-country-pensasmustikka","status":"publish","type":"product","link":"https:\/\/www.hantulantaimi.fi\/?product=vaccinium-corymbosum-north-country-pensasmustikka","title":{"rendered":"VACCINIUM CORYMBOSUM &#8217;GOLDTRAUBE&#8217;   -Pensasmustikka"},"content":{"rendered":"","protected":false},"excerpt":{"rendered":"<p>Astiataimi C3<br \/>\nItsep\u00f6lytteinen, herkulliset suuret tummat marjat eiv\u00e4t v\u00e4rj\u00e4\u00e4 suuta siniseksi, pakastetut marjat s\u00e4ilytt\u00e4v\u00e4t sulaessaan muotonsa, pensaalla kaunis syysv\u00e4ritys<br \/>\nKorkeus: 1,5m<br \/>\nTaimiv\u00e4li: n. 1 m<br \/>\nKasvupaikka: aurinkoinen ja tuulensuojainen, tasaisen kostea, kuohkea sek\u00e4 hapan maa, joten maata ei kalkita vaan siihen sekoitetaan karkeaa, kalkitsematonta turvetta.<br \/>\nVy\u00f6hyke: IV.<\/p>\n","protected":false},"featured_media":2501,"template":"","meta":{"site-sidebar-layout":"default","site-content-layout":"default","ast-site-content-layout":"default","site-content-style":"default","site-sidebar-style":"default","ast-global-header-display":"","ast-banner-title-visibility":"","ast-main-header-display":"","ast-hfb-above-header-display":"","ast-hfb-below-header-display":"","ast-hfb-mobile-header-display":"","site-post-title":"","ast-breadcrumbs-content":"","ast-featured-img":"","footer-sml-layout":"","theme-transparent-header-meta":"default","adv-header-id-meta":"","stick-header-meta":"","header-above-stick-meta":"","header-main-stick-meta":"","header-below-stick-meta":"","astra-migrate-meta-layouts":"set","ast-page-background-enabled":"default","ast-page-background-meta":{"desktop":{"background-color":"","background-image":"","background-repeat":"repeat","background-position":"center center","background-size":"auto","background-attachment":"scroll","background-type":"","background-media":"","overlay-type":"","overlay-color":"","overlay-opacity":"","overlay-gradient":""},"tablet":{"background-color":"","background-image":"","background-repeat":"repeat","background-position":"center center","background-size":"auto","background-attachment":"scroll","background-type":"","background-media":"","overlay-type":"","overlay-color":"","overlay-opacity":"","overlay-gradient":""},"mobile":{"background-color":"","background-image":"","background-repeat":"repeat","background-position":"center center","background-size":"auto","background-attachment":"scroll","background-type":"","background-media":"","overlay-type":"","overlay-color":"","overlay-opacity":"","overlay-gradient":""}},"ast-content-background-meta":{"desktop":{"background-color":"var(--ast-global-color-5)","background-image":"","background-repeat":"repeat","background-position":"center center","background-size":"auto","background-attachment":"scroll","background-type":"","background-media":"","overlay-type":"","overlay-color":"","overlay-opacity":"","overlay-gradient":""},"tablet":{"background-color":"var(--ast-global-color-5)","background-image":"","background-repeat":"repeat","background-position":"center center","background-size":"auto","background-attachment":"scroll","background-type":"","background-media":"","overlay-type":"","overlay-color":"","overlay-opacity":"","overlay-gradient":""},"mobile":{"background-color":"var(--ast-global-color-5)","background-image":"","background-repeat":"repeat","background-position":"center center","background-size":"auto","background-attachment":"scroll","background-type":"","background-media":"","overlay-type":"","overlay-color":"","overlay-opacity":"","overlay-gradient":""}}},"product_brand":[],"product_cat":[57],"product_tag":[],"class_list":{"0":"post-2500","1":"product","2":"type-product","3":"status-publish","4":"has-post-thumbnail","6":"product_cat-marjahedelma","7":"desktop-align-left","8":"tablet-align-left","9":"mobile-align-left","11":"first","12":"instock","13":"shipping-taxable","14":"purchasable","15":"product-type-simple"},"yoast_head":"<!-- This site is optimized with the Yoast SEO plugin v26.9 - https:\/\/yoast.com\/product\/yoast-seo-wordpress\/ -->\n<title>VACCINIUM CORYMBOSUM &#039;GOLDTRAUBE&#039;  -Pensasmustikka -<\/title>\n<meta name=\"robots\" content=\"index, follow, max-snippet:-1, max-image-preview:large, max-video-preview:-1\" \/>\n<link rel=\"canonical\" href=\"https:\/\/www.hantulantaimi.fi\/?product=vaccinium-corymbosum-north-country-pensasmustikka\" \/>\n<meta property=\"og:locale\" content=\"fi_FI\" \/>\n<meta property=\"og:type\" content=\"article\" \/>\n<meta property=\"og:title\" content=\"VACCINIUM CORYMBOSUM &#039;GOLDTRAUBE&#039;  -Pensasmustikka -\" \/>\n<meta property=\"og:description\" content=\"Astiataimi C3 Itsep\u00f6lytteinen, herkulliset suuret tummat marjat eiv\u00e4t v\u00e4rj\u00e4\u00e4 suuta siniseksi, pakastetut marjat s\u00e4ilytt\u00e4v\u00e4t sulaessaan muotonsa, pensaalla kaunis syysv\u00e4ritys Korkeus: 1,5m Taimiv\u00e4li: n. 1 m Kasvupaikka: aurinkoinen ja tuulensuojainen, tasaisen kostea, kuohkea sek\u00e4 hapan maa, joten maata ei kalkita vaan siihen sekoitetaan karkeaa, kalkitsematonta turvetta. Vy\u00f6hyke: IV.\" \/>\n<meta property=\"og:url\" content=\"https:\/\/www.hantulantaimi.fi\/?product=vaccinium-corymbosum-north-country-pensasmustikka\" \/>\n<meta property=\"article:modified_time\" content=\"2026-04-22T09:57:57+00:00\" \/>\n<meta property=\"og:image\" content=\"https:\/\/www.hantulantaimi.fi\/wp-content\/uploads\/2019\/03\/goldtraube-copy-e1582540538593-scaled.jpg\" \/>\n\t<meta property=\"og:image:width\" content=\"1440\" \/>\n\t<meta property=\"og:image:height\" content=\"2560\" \/>\n\t<meta property=\"og:image:type\" content=\"image\/jpeg\" \/>\n<meta name=\"twitter:card\" content=\"summary_large_image\" \/>\n<meta name=\"twitter:label1\" content=\"Arvioitu lukuaika\" \/>\n\t<meta name=\"twitter:data1\" content=\"1 minuutti\" \/>\n<script type=\"application\/ld+json\" class=\"yoast-schema-graph\">{\"@context\":\"https:\/\/schema.org\",\"@graph\":[{\"@type\":\"WebPage\",\"@id\":\"https:\/\/www.hantulantaimi.fi\/?product=vaccinium-corymbosum-north-country-pensasmustikka\",\"url\":\"https:\/\/www.hantulantaimi.fi\/?product=vaccinium-corymbosum-north-country-pensasmustikka\",\"name\":\"VACCINIUM CORYMBOSUM 'GOLDTRAUBE' -Pensasmustikka -\",\"isPartOf\":{\"@id\":\"https:\/\/www.hantulantaimi.fi\/#website\"},\"primaryImageOfPage\":{\"@id\":\"https:\/\/www.hantulantaimi.fi\/?product=vaccinium-corymbosum-north-country-pensasmustikka#primaryimage\"},\"image\":{\"@id\":\"https:\/\/www.hantulantaimi.fi\/?product=vaccinium-corymbosum-north-country-pensasmustikka#primaryimage\"},\"thumbnailUrl\":\"https:\/\/www.hantulantaimi.fi\/wp-content\/uploads\/2019\/03\/goldtraube-copy-e1582540538593-scaled.jpg\",\"datePublished\":\"2019-03-21T13:45:30+00:00\",\"dateModified\":\"2026-04-22T09:57:57+00:00\",\"breadcrumb\":{\"@id\":\"https:\/\/www.hantulantaimi.fi\/?product=vaccinium-corymbosum-north-country-pensasmustikka#breadcrumb\"},\"inLanguage\":\"fi\",\"potentialAction\":[{\"@type\":\"ReadAction\",\"target\":[\"https:\/\/www.hantulantaimi.fi\/?product=vaccinium-corymbosum-north-country-pensasmustikka\"]}]},{\"@type\":\"ImageObject\",\"inLanguage\":\"fi\",\"@id\":\"https:\/\/www.hantulantaimi.fi\/?product=vaccinium-corymbosum-north-country-pensasmustikka#primaryimage\",\"url\":\"https:\/\/www.hantulantaimi.fi\/wp-content\/uploads\/2019\/03\/goldtraube-copy-e1582540538593-scaled.jpg\",\"contentUrl\":\"https:\/\/www.hantulantaimi.fi\/wp-content\/uploads\/2019\/03\/goldtraube-copy-e1582540538593-scaled.jpg\",\"width\":1440,\"height\":2560},{\"@type\":\"BreadcrumbList\",\"@id\":\"https:\/\/www.hantulantaimi.fi\/?product=vaccinium-corymbosum-north-country-pensasmustikka#breadcrumb\",\"itemListElement\":[{\"@type\":\"ListItem\",\"position\":1,\"name\":\"Home\",\"item\":\"https:\/\/www.hantulantaimi.fi\/\"},{\"@type\":\"ListItem\",\"position\":2,\"name\":\"Valikoima\",\"item\":\"https:\/\/www.hantulantaimi.fi\/?page_id=768\"},{\"@type\":\"ListItem\",\"position\":3,\"name\":\"VACCINIUM CORYMBOSUM &#8217;GOLDTRAUBE&#8217; -Pensasmustikka\"}]},{\"@type\":\"WebSite\",\"@id\":\"https:\/\/www.hantulantaimi.fi\/#website\",\"url\":\"https:\/\/www.hantulantaimi.fi\/\",\"name\":\"\",\"description\":\"\",\"potentialAction\":[{\"@type\":\"SearchAction\",\"target\":{\"@type\":\"EntryPoint\",\"urlTemplate\":\"https:\/\/www.hantulantaimi.fi\/?s={search_term_string}\"},\"query-input\":{\"@type\":\"PropertyValueSpecification\",\"valueRequired\":true,\"valueName\":\"search_term_string\"}}],\"inLanguage\":\"fi\"}]}<\/script>\n<!-- \/ Yoast SEO plugin. -->","yoast_head_json":{"title":"VACCINIUM CORYMBOSUM 'GOLDTRAUBE'  -Pensasmustikka -","robots":{"index":"index","follow":"follow","max-snippet":"max-snippet:-1","max-image-preview":"max-image-preview:large","max-video-preview":"max-video-preview:-1"},"canonical":"https:\/\/www.hantulantaimi.fi\/?product=vaccinium-corymbosum-north-country-pensasmustikka","og_locale":"fi_FI","og_type":"article","og_title":"VACCINIUM CORYMBOSUM 'GOLDTRAUBE'  -Pensasmustikka -","og_description":"Astiataimi C3 Itsep\u00f6lytteinen, herkulliset suuret tummat marjat eiv\u00e4t v\u00e4rj\u00e4\u00e4 suuta siniseksi, pakastetut marjat s\u00e4ilytt\u00e4v\u00e4t sulaessaan muotonsa, pensaalla kaunis syysv\u00e4ritys Korkeus: 1,5m Taimiv\u00e4li: n. 1 m Kasvupaikka: aurinkoinen ja tuulensuojainen, tasaisen kostea, kuohkea sek\u00e4 hapan maa, joten maata ei kalkita vaan siihen sekoitetaan karkeaa, kalkitsematonta turvetta. Vy\u00f6hyke: IV.","og_url":"https:\/\/www.hantulantaimi.fi\/?product=vaccinium-corymbosum-north-country-pensasmustikka","article_modified_time":"2026-04-22T09:57:57+00:00","og_image":[{"width":1440,"height":2560,"url":"https:\/\/www.hantulantaimi.fi\/wp-content\/uploads\/2019\/03\/goldtraube-copy-e1582540538593-scaled.jpg","type":"image\/jpeg"}],"twitter_card":"summary_large_image","twitter_misc":{"Arvioitu lukuaika":"1 minuutti"},"schema":{"@context":"https:\/\/schema.org","@graph":[{"@type":"WebPage","@id":"https:\/\/www.hantulantaimi.fi\/?product=vaccinium-corymbosum-north-country-pensasmustikka","url":"https:\/\/www.hantulantaimi.fi\/?product=vaccinium-corymbosum-north-country-pensasmustikka","name":"VACCINIUM CORYMBOSUM 'GOLDTRAUBE' -Pensasmustikka -","isPartOf":{"@id":"https:\/\/www.hantulantaimi.fi\/#website"},"primaryImageOfPage":{"@id":"https:\/\/www.hantulantaimi.fi\/?product=vaccinium-corymbosum-north-country-pensasmustikka#primaryimage"},"image":{"@id":"https:\/\/www.hantulantaimi.fi\/?product=vaccinium-corymbosum-north-country-pensasmustikka#primaryimage"},"thumbnailUrl":"https:\/\/www.hantulantaimi.fi\/wp-content\/uploads\/2019\/03\/goldtraube-copy-e1582540538593-scaled.jpg","datePublished":"2019-03-21T13:45:30+00:00","dateModified":"2026-04-22T09:57:57+00:00","breadcrumb":{"@id":"https:\/\/www.hantulantaimi.fi\/?product=vaccinium-corymbosum-north-country-pensasmustikka#breadcrumb"},"inLanguage":"fi","potentialAction":[{"@type":"ReadAction","target":["https:\/\/www.hantulantaimi.fi\/?product=vaccinium-corymbosum-north-country-pensasmustikka"]}]},{"@type":"ImageObject","inLanguage":"fi","@id":"https:\/\/www.hantulantaimi.fi\/?product=vaccinium-corymbosum-north-country-pensasmustikka#primaryimage","url":"https:\/\/www.hantulantaimi.fi\/wp-content\/uploads\/2019\/03\/goldtraube-copy-e1582540538593-scaled.jpg","contentUrl":"https:\/\/www.hantulantaimi.fi\/wp-content\/uploads\/2019\/03\/goldtraube-copy-e1582540538593-scaled.jpg","width":1440,"height":2560},{"@type":"BreadcrumbList","@id":"https:\/\/www.hantulantaimi.fi\/?product=vaccinium-corymbosum-north-country-pensasmustikka#breadcrumb","itemListElement":[{"@type":"ListItem","position":1,"name":"Home","item":"https:\/\/www.hantulantaimi.fi\/"},{"@type":"ListItem","position":2,"name":"Valikoima","item":"https:\/\/www.hantulantaimi.fi\/?page_id=768"},{"@type":"ListItem","position":3,"name":"VACCINIUM CORYMBOSUM &#8217;GOLDTRAUBE&#8217; -Pensasmustikka"}]},{"@type":"WebSite","@id":"https:\/\/www.hantulantaimi.fi\/#website","url":"https:\/\/www.hantulantaimi.fi\/","name":"","description":"","potentialAction":[{"@type":"SearchAction","target":{"@type":"EntryPoint","urlTemplate":"https:\/\/www.hantulantaimi.fi\/?s={search_term_string}"},"query-input":{"@type":"PropertyValueSpecification","valueRequired":true,"valueName":"search_term_string"}}],"inLanguage":"fi"}]}},"_links":{"self":[{"href":"https:\/\/www.hantulantaimi.fi\/index.php?rest_route=\/wp\/v2\/product\/2500","targetHints":{"allow":["GET"]}}],"collection":[{"href":"https:\/\/www.hantulantaimi.fi\/index.php?rest_route=\/wp\/v2\/product"}],"about":[{"href":"https:\/\/www.hantulantaimi.fi\/index.php?rest_route=\/wp\/v2\/types\/product"}],"version-history":[{"count":4,"href":"https:\/\/www.hantulantaimi.fi\/index.php?rest_route=\/wp\/v2\/product\/2500\/revisions"}],"predecessor-version":[{"id":8435,"href":"https:\/\/www.hantulantaimi.fi\/index.php?rest_route=\/wp\/v2\/product\/2500\/revisions\/8435"}],"wp:featuredmedia":[{"embeddable":true,"href":"https:\/\/www.hantulantaimi.fi\/index.php?rest_route=\/wp\/v2\/media\/2501"}],"wp:attachment":[{"href":"https:\/\/www.hantulantaimi.fi\/index.php?rest_route=%2Fwp%2Fv2%2Fmedia&parent=2500"}],"wp:term":[{"taxonomy":"product_brand","embeddable":true,"href":"https:\/\/www.hantulantaimi.fi\/index.php?rest_route=%2Fwp%2Fv2%2Fproduct_brand&post=2500"},{"taxonomy":"product_cat","embeddable":true,"href":"https:\/\/www.hantulantaimi.fi\/index.php?rest_route=%2Fwp%2Fv2%2Fproduct_cat&post=2500"},{"taxonomy":"product_tag","embeddable":true,"href":"https:\/\/www.hantulantaimi.fi\/index.php?rest_route=%2Fwp%2Fv2%2Fproduct_tag&post=2500"}],"curies":[{"name":"wp","href":"https:\/\/api.w.org\/{rel}","templated":true}]}}