{"id":2488,"date":"2019-03-21T15:31:38","date_gmt":"2019-03-21T13:31:38","guid":{"rendered":"https:\/\/www.hantulantaimi.fi\/?post_type=product&#038;p=2488"},"modified":"2026-01-12T17:04:14","modified_gmt":"2026-01-12T15:04:14","slug":"prunus-domestica-sinikka-luumu","status":"publish","type":"product","link":"https:\/\/www.hantulantaimi.fi\/?product=prunus-domestica-sinikka-luumu","title":{"rendered":"PRUNUS DOMESTICA &#8217;SINIKKA&#8217;  -Luumu"},"content":{"rendered":"","protected":false},"excerpt":{"rendered":"<p>Myyntikoko: 130-150 cm C5 Perusrunko: omajuurinen<br \/>\nPuu on satoisa, t\u00e4ysin itsep\u00f6lytteinen, kasvaa hillitysti ja j\u00e4\u00e4 matalaksi, joten sato on helppo poimia, eik\u00e4 puu kaipaa leikkaamista, muodostaa niukasti juurivesoja. Tulee varhain satoik\u00e4\u00e4n, sato kypsyy elokuun lopussa. Hedelm\u00e4t ovat maukkaita, tummansinisi\u00e4 ja pitkulaisia noin 3 cm:n mittaisia, soveltuu hyvin sek\u00e4 tuorek\u00e4ytt\u00f6\u00f6n ett\u00e4 s\u00e4il\u00f6nt\u00e4\u00e4n.<br \/>\nTaimiv\u00e4li: 3-4 m<br \/>\nKasvupaikka: aurinkoinen tai vain kevyesti varjoinen, tuulelta ja hallalta suojattu paikka, kasvualustan tulee olla v\u00e4hint\u00e4\u00e4n 80 cm syvyydelt\u00e4\u00e4n ja metrin leveydelt\u00e4 kuohkeaa, tuoretta, peruskalkittua ja -lannoitettua multaa. Ymp\u00e4rist\u00f6st\u00e4\u00e4n noin 30 cm korkeammalla sijaitseva kohopenkki ja salaojitus varmistavat, ettei juuristo tukehdu veteen. Parhaimmillaan kohopenkki tekee pienilmastosta yht\u00e4 menestysvy\u00f6hykett\u00e4 suotuisamman.<br \/>\nKorkeus: 3-5m<br \/>\nVy\u00f6hyke: IV<\/p>\n","protected":false},"featured_media":2489,"template":"","meta":{"site-sidebar-layout":"default","site-content-layout":"default","ast-site-content-layout":"default","site-content-style":"default","site-sidebar-style":"default","ast-global-header-display":"","ast-banner-title-visibility":"","ast-main-header-display":"","ast-hfb-above-header-display":"","ast-hfb-below-header-display":"","ast-hfb-mobile-header-display":"","site-post-title":"","ast-breadcrumbs-content":"","ast-featured-img":"","footer-sml-layout":"","theme-transparent-header-meta":"default","adv-header-id-meta":"","stick-header-meta":"","header-above-stick-meta":"","header-main-stick-meta":"","header-below-stick-meta":"","astra-migrate-meta-layouts":"default","ast-page-background-enabled":"default","ast-page-background-meta":{"desktop":{"background-color":"","background-image":"","background-repeat":"repeat","background-position":"center center","background-size":"auto","background-attachment":"scroll","background-type":"","background-media":"","overlay-type":"","overlay-color":"","overlay-opacity":"","overlay-gradient":""},"tablet":{"background-color":"","background-image":"","background-repeat":"repeat","background-position":"center center","background-size":"auto","background-attachment":"scroll","background-type":"","background-media":"","overlay-type":"","overlay-color":"","overlay-opacity":"","overlay-gradient":""},"mobile":{"background-color":"","background-image":"","background-repeat":"repeat","background-position":"center center","background-size":"auto","background-attachment":"scroll","background-type":"","background-media":"","overlay-type":"","overlay-color":"","overlay-opacity":"","overlay-gradient":""}},"ast-content-background-meta":{"desktop":{"background-color":"var(--ast-global-color-5)","background-image":"","background-repeat":"repeat","background-position":"center center","background-size":"auto","background-attachment":"scroll","background-type":"","background-media":"","overlay-type":"","overlay-color":"","overlay-opacity":"","overlay-gradient":""},"tablet":{"background-color":"var(--ast-global-color-5)","background-image":"","background-repeat":"repeat","background-position":"center center","background-size":"auto","background-attachment":"scroll","background-type":"","background-media":"","overlay-type":"","overlay-color":"","overlay-opacity":"","overlay-gradient":""},"mobile":{"background-color":"var(--ast-global-color-5)","background-image":"","background-repeat":"repeat","background-position":"center center","background-size":"auto","background-attachment":"scroll","background-type":"","background-media":"","overlay-type":"","overlay-color":"","overlay-opacity":"","overlay-gradient":""}}},"product_brand":[],"product_cat":[57],"product_tag":[],"class_list":{"0":"post-2488","1":"product","2":"type-product","3":"status-publish","4":"has-post-thumbnail","6":"product_cat-marjahedelma","7":"desktop-align-left","8":"tablet-align-left","9":"mobile-align-left","11":"first","12":"instock","13":"shipping-taxable","14":"purchasable","15":"product-type-simple"},"yoast_head":"<!-- This site is optimized with the Yoast SEO plugin v26.9 - https:\/\/yoast.com\/product\/yoast-seo-wordpress\/ -->\n<title>PRUNUS DOMESTICA &#039;SINIKKA&#039; -Luumu -<\/title>\n<meta name=\"robots\" content=\"index, follow, max-snippet:-1, max-image-preview:large, max-video-preview:-1\" \/>\n<link rel=\"canonical\" href=\"https:\/\/www.hantulantaimi.fi\/?product=prunus-domestica-sinikka-luumu\" \/>\n<meta property=\"og:locale\" content=\"fi_FI\" \/>\n<meta property=\"og:type\" content=\"article\" \/>\n<meta property=\"og:title\" content=\"PRUNUS DOMESTICA &#039;SINIKKA&#039; -Luumu -\" \/>\n<meta property=\"og:description\" content=\"Myyntikoko: 130-150 cm C5 Perusrunko: omajuurinen Puu on satoisa, t\u00e4ysin itsep\u00f6lytteinen, kasvaa hillitysti ja j\u00e4\u00e4 matalaksi, joten sato on helppo poimia, eik\u00e4 puu kaipaa leikkaamista, muodostaa niukasti juurivesoja. Tulee varhain satoik\u00e4\u00e4n, sato kypsyy elokuun lopussa. Hedelm\u00e4t ovat maukkaita, tummansinisi\u00e4 ja pitkulaisia noin 3 cm:n mittaisia, soveltuu hyvin sek\u00e4 tuorek\u00e4ytt\u00f6\u00f6n ett\u00e4 s\u00e4il\u00f6nt\u00e4\u00e4n. Taimiv\u00e4li: 3-4 m Kasvupaikka: aurinkoinen tai vain kevyesti varjoinen, tuulelta ja hallalta suojattu paikka, kasvualustan tulee olla v\u00e4hint\u00e4\u00e4n 80 cm syvyydelt\u00e4\u00e4n ja metrin leveydelt\u00e4 kuohkeaa, tuoretta, peruskalkittua ja -lannoitettua multaa. Ymp\u00e4rist\u00f6st\u00e4\u00e4n noin 30 cm korkeammalla sijaitseva kohopenkki ja salaojitus varmistavat, ettei juuristo tukehdu veteen. Parhaimmillaan kohopenkki tekee pienilmastosta yht\u00e4 menestysvy\u00f6hykett\u00e4 suotuisamman. Korkeus: 3-5m Vy\u00f6hyke: IV\" \/>\n<meta property=\"og:url\" content=\"https:\/\/www.hantulantaimi.fi\/?product=prunus-domestica-sinikka-luumu\" \/>\n<meta property=\"article:modified_time\" content=\"2026-01-12T15:04:14+00:00\" \/>\n<meta property=\"og:image\" content=\"https:\/\/www.hantulantaimi.fi\/wp-content\/uploads\/2019\/03\/Luumu-Sinikka-5.9.05-oksa4-copy-e1582540583226.jpg\" \/>\n\t<meta property=\"og:image:width\" content=\"1500\" \/>\n\t<meta property=\"og:image:height\" content=\"1965\" \/>\n\t<meta property=\"og:image:type\" content=\"image\/jpeg\" \/>\n<meta name=\"twitter:card\" content=\"summary_large_image\" \/>\n<script type=\"application\/ld+json\" class=\"yoast-schema-graph\">{\"@context\":\"https:\/\/schema.org\",\"@graph\":[{\"@type\":\"WebPage\",\"@id\":\"https:\/\/www.hantulantaimi.fi\/?product=prunus-domestica-sinikka-luumu\",\"url\":\"https:\/\/www.hantulantaimi.fi\/?product=prunus-domestica-sinikka-luumu\",\"name\":\"PRUNUS DOMESTICA 'SINIKKA' -Luumu -\",\"isPartOf\":{\"@id\":\"https:\/\/www.hantulantaimi.fi\/#website\"},\"primaryImageOfPage\":{\"@id\":\"https:\/\/www.hantulantaimi.fi\/?product=prunus-domestica-sinikka-luumu#primaryimage\"},\"image\":{\"@id\":\"https:\/\/www.hantulantaimi.fi\/?product=prunus-domestica-sinikka-luumu#primaryimage\"},\"thumbnailUrl\":\"https:\/\/www.hantulantaimi.fi\/wp-content\/uploads\/2019\/03\/Luumu-Sinikka-5.9.05-oksa4-copy-e1582540583226.jpg\",\"datePublished\":\"2019-03-21T13:31:38+00:00\",\"dateModified\":\"2026-01-12T15:04:14+00:00\",\"breadcrumb\":{\"@id\":\"https:\/\/www.hantulantaimi.fi\/?product=prunus-domestica-sinikka-luumu#breadcrumb\"},\"inLanguage\":\"fi\",\"potentialAction\":[{\"@type\":\"ReadAction\",\"target\":[\"https:\/\/www.hantulantaimi.fi\/?product=prunus-domestica-sinikka-luumu\"]}]},{\"@type\":\"ImageObject\",\"inLanguage\":\"fi\",\"@id\":\"https:\/\/www.hantulantaimi.fi\/?product=prunus-domestica-sinikka-luumu#primaryimage\",\"url\":\"https:\/\/www.hantulantaimi.fi\/wp-content\/uploads\/2019\/03\/Luumu-Sinikka-5.9.05-oksa4-copy-e1582540583226.jpg\",\"contentUrl\":\"https:\/\/www.hantulantaimi.fi\/wp-content\/uploads\/2019\/03\/Luumu-Sinikka-5.9.05-oksa4-copy-e1582540583226.jpg\",\"width\":1500,\"height\":1965,\"caption\":\"OLYMPUS DIGITAL CAMERA\"},{\"@type\":\"BreadcrumbList\",\"@id\":\"https:\/\/www.hantulantaimi.fi\/?product=prunus-domestica-sinikka-luumu#breadcrumb\",\"itemListElement\":[{\"@type\":\"ListItem\",\"position\":1,\"name\":\"Home\",\"item\":\"https:\/\/www.hantulantaimi.fi\/\"},{\"@type\":\"ListItem\",\"position\":2,\"name\":\"Valikoima\",\"item\":\"https:\/\/www.hantulantaimi.fi\/?page_id=768\"},{\"@type\":\"ListItem\",\"position\":3,\"name\":\"PRUNUS DOMESTICA &#8217;SINIKKA&#8217; -Luumu\"}]},{\"@type\":\"WebSite\",\"@id\":\"https:\/\/www.hantulantaimi.fi\/#website\",\"url\":\"https:\/\/www.hantulantaimi.fi\/\",\"name\":\"\",\"description\":\"\",\"potentialAction\":[{\"@type\":\"SearchAction\",\"target\":{\"@type\":\"EntryPoint\",\"urlTemplate\":\"https:\/\/www.hantulantaimi.fi\/?s={search_term_string}\"},\"query-input\":{\"@type\":\"PropertyValueSpecification\",\"valueRequired\":true,\"valueName\":\"search_term_string\"}}],\"inLanguage\":\"fi\"}]}<\/script>\n<!-- \/ Yoast SEO plugin. -->","yoast_head_json":{"title":"PRUNUS DOMESTICA 'SINIKKA' -Luumu -","robots":{"index":"index","follow":"follow","max-snippet":"max-snippet:-1","max-image-preview":"max-image-preview:large","max-video-preview":"max-video-preview:-1"},"canonical":"https:\/\/www.hantulantaimi.fi\/?product=prunus-domestica-sinikka-luumu","og_locale":"fi_FI","og_type":"article","og_title":"PRUNUS DOMESTICA 'SINIKKA' -Luumu -","og_description":"Myyntikoko: 130-150 cm C5 Perusrunko: omajuurinen Puu on satoisa, t\u00e4ysin itsep\u00f6lytteinen, kasvaa hillitysti ja j\u00e4\u00e4 matalaksi, joten sato on helppo poimia, eik\u00e4 puu kaipaa leikkaamista, muodostaa niukasti juurivesoja. Tulee varhain satoik\u00e4\u00e4n, sato kypsyy elokuun lopussa. Hedelm\u00e4t ovat maukkaita, tummansinisi\u00e4 ja pitkulaisia noin 3 cm:n mittaisia, soveltuu hyvin sek\u00e4 tuorek\u00e4ytt\u00f6\u00f6n ett\u00e4 s\u00e4il\u00f6nt\u00e4\u00e4n. Taimiv\u00e4li: 3-4 m Kasvupaikka: aurinkoinen tai vain kevyesti varjoinen, tuulelta ja hallalta suojattu paikka, kasvualustan tulee olla v\u00e4hint\u00e4\u00e4n 80 cm syvyydelt\u00e4\u00e4n ja metrin leveydelt\u00e4 kuohkeaa, tuoretta, peruskalkittua ja -lannoitettua multaa. Ymp\u00e4rist\u00f6st\u00e4\u00e4n noin 30 cm korkeammalla sijaitseva kohopenkki ja salaojitus varmistavat, ettei juuristo tukehdu veteen. Parhaimmillaan kohopenkki tekee pienilmastosta yht\u00e4 menestysvy\u00f6hykett\u00e4 suotuisamman. Korkeus: 3-5m Vy\u00f6hyke: IV","og_url":"https:\/\/www.hantulantaimi.fi\/?product=prunus-domestica-sinikka-luumu","article_modified_time":"2026-01-12T15:04:14+00:00","og_image":[{"width":1500,"height":1965,"url":"https:\/\/www.hantulantaimi.fi\/wp-content\/uploads\/2019\/03\/Luumu-Sinikka-5.9.05-oksa4-copy-e1582540583226.jpg","type":"image\/jpeg"}],"twitter_card":"summary_large_image","schema":{"@context":"https:\/\/schema.org","@graph":[{"@type":"WebPage","@id":"https:\/\/www.hantulantaimi.fi\/?product=prunus-domestica-sinikka-luumu","url":"https:\/\/www.hantulantaimi.fi\/?product=prunus-domestica-sinikka-luumu","name":"PRUNUS DOMESTICA 'SINIKKA' -Luumu -","isPartOf":{"@id":"https:\/\/www.hantulantaimi.fi\/#website"},"primaryImageOfPage":{"@id":"https:\/\/www.hantulantaimi.fi\/?product=prunus-domestica-sinikka-luumu#primaryimage"},"image":{"@id":"https:\/\/www.hantulantaimi.fi\/?product=prunus-domestica-sinikka-luumu#primaryimage"},"thumbnailUrl":"https:\/\/www.hantulantaimi.fi\/wp-content\/uploads\/2019\/03\/Luumu-Sinikka-5.9.05-oksa4-copy-e1582540583226.jpg","datePublished":"2019-03-21T13:31:38+00:00","dateModified":"2026-01-12T15:04:14+00:00","breadcrumb":{"@id":"https:\/\/www.hantulantaimi.fi\/?product=prunus-domestica-sinikka-luumu#breadcrumb"},"inLanguage":"fi","potentialAction":[{"@type":"ReadAction","target":["https:\/\/www.hantulantaimi.fi\/?product=prunus-domestica-sinikka-luumu"]}]},{"@type":"ImageObject","inLanguage":"fi","@id":"https:\/\/www.hantulantaimi.fi\/?product=prunus-domestica-sinikka-luumu#primaryimage","url":"https:\/\/www.hantulantaimi.fi\/wp-content\/uploads\/2019\/03\/Luumu-Sinikka-5.9.05-oksa4-copy-e1582540583226.jpg","contentUrl":"https:\/\/www.hantulantaimi.fi\/wp-content\/uploads\/2019\/03\/Luumu-Sinikka-5.9.05-oksa4-copy-e1582540583226.jpg","width":1500,"height":1965,"caption":"OLYMPUS DIGITAL CAMERA"},{"@type":"BreadcrumbList","@id":"https:\/\/www.hantulantaimi.fi\/?product=prunus-domestica-sinikka-luumu#breadcrumb","itemListElement":[{"@type":"ListItem","position":1,"name":"Home","item":"https:\/\/www.hantulantaimi.fi\/"},{"@type":"ListItem","position":2,"name":"Valikoima","item":"https:\/\/www.hantulantaimi.fi\/?page_id=768"},{"@type":"ListItem","position":3,"name":"PRUNUS DOMESTICA &#8217;SINIKKA&#8217; -Luumu"}]},{"@type":"WebSite","@id":"https:\/\/www.hantulantaimi.fi\/#website","url":"https:\/\/www.hantulantaimi.fi\/","name":"","description":"","potentialAction":[{"@type":"SearchAction","target":{"@type":"EntryPoint","urlTemplate":"https:\/\/www.hantulantaimi.fi\/?s={search_term_string}"},"query-input":{"@type":"PropertyValueSpecification","valueRequired":true,"valueName":"search_term_string"}}],"inLanguage":"fi"}]}},"_links":{"self":[{"href":"https:\/\/www.hantulantaimi.fi\/index.php?rest_route=\/wp\/v2\/product\/2488","targetHints":{"allow":["GET"]}}],"collection":[{"href":"https:\/\/www.hantulantaimi.fi\/index.php?rest_route=\/wp\/v2\/product"}],"about":[{"href":"https:\/\/www.hantulantaimi.fi\/index.php?rest_route=\/wp\/v2\/types\/product"}],"version-history":[{"count":7,"href":"https:\/\/www.hantulantaimi.fi\/index.php?rest_route=\/wp\/v2\/product\/2488\/revisions"}],"predecessor-version":[{"id":8001,"href":"https:\/\/www.hantulantaimi.fi\/index.php?rest_route=\/wp\/v2\/product\/2488\/revisions\/8001"}],"wp:featuredmedia":[{"embeddable":true,"href":"https:\/\/www.hantulantaimi.fi\/index.php?rest_route=\/wp\/v2\/media\/2489"}],"wp:attachment":[{"href":"https:\/\/www.hantulantaimi.fi\/index.php?rest_route=%2Fwp%2Fv2%2Fmedia&parent=2488"}],"wp:term":[{"taxonomy":"product_brand","embeddable":true,"href":"https:\/\/www.hantulantaimi.fi\/index.php?rest_route=%2Fwp%2Fv2%2Fproduct_brand&post=2488"},{"taxonomy":"product_cat","embeddable":true,"href":"https:\/\/www.hantulantaimi.fi\/index.php?rest_route=%2Fwp%2Fv2%2Fproduct_cat&post=2488"},{"taxonomy":"product_tag","embeddable":true,"href":"https:\/\/www.hantulantaimi.fi\/index.php?rest_route=%2Fwp%2Fv2%2Fproduct_tag&post=2488"}],"curies":[{"name":"wp","href":"https:\/\/api.w.org\/{rel}","templated":true}]}}