{"id":2475,"date":"2019-03-21T15:17:26","date_gmt":"2019-03-21T13:17:26","guid":{"rendered":"https:\/\/www.hantulantaimi.fi\/?post_type=product&#038;p=2475"},"modified":"2025-02-06T14:29:09","modified_gmt":"2025-02-06T12:29:09","slug":"malus-pekka-omenapuu","status":"publish","type":"product","link":"https:\/\/www.hantulantaimi.fi\/?product=malus-pekka-omenapuu","title":{"rendered":"MALUS &#8217;PEKKA&#8217;  Omenapuu Syyslajike"},"content":{"rendered":"","protected":false},"excerpt":{"rendered":"<p>Myyntikoko: latvustaimi C7,5  Perusrunko: antonovka<br \/>\nsyyslajike, hedelm\u00e4 poikkeavan tummakuorinen, pieni tai keskikokoinen, kolhuja kest\u00e4v\u00e4 ja eritt\u00e4in makea, kest\u00e4\u00e4 hyvin muumiotautia ja melko hyvin rupea.<br \/>\nTaimiv\u00e4li: 4-5 m<br \/>\nKasvupaikka: Omenapuut tarvitsevat paljon valoa, l\u00e4mp\u00f6\u00e4 ja ravinteita, kasvualustan tulee olla v\u00e4hint\u00e4\u00e4n 80 cm syvyydelt\u00e4\u00e4n ja metrin leveydelt\u00e4 kuohkeaa, tuoretta, peruskalkittua ja -lannoitettua multaa. Ymp\u00e4rist\u00f6st\u00e4\u00e4n noin 30 cm korkeammalla sijaitseva kohopenkki ja salaojitus varmistavat, ettei juuristo tukehdu veteen. Parhaimmillaan kohopenkki tekee pienilmastosta yht\u00e4 menestysvy\u00f6hykett\u00e4 suotuisamman.<br \/>\nVy\u00f6hyke: V<\/p>\n","protected":false},"featured_media":2476,"template":"","meta":{"site-sidebar-layout":"default","site-content-layout":"default","ast-site-content-layout":"default","site-content-style":"default","site-sidebar-style":"default","ast-global-header-display":"","ast-banner-title-visibility":"","ast-main-header-display":"","ast-hfb-above-header-display":"","ast-hfb-below-header-display":"","ast-hfb-mobile-header-display":"","site-post-title":"","ast-breadcrumbs-content":"","ast-featured-img":"","footer-sml-layout":"","theme-transparent-header-meta":"default","adv-header-id-meta":"","stick-header-meta":"","header-above-stick-meta":"","header-main-stick-meta":"","header-below-stick-meta":"","astra-migrate-meta-layouts":"default","ast-page-background-enabled":"default","ast-page-background-meta":{"desktop":{"background-color":"","background-image":"","background-repeat":"repeat","background-position":"center center","background-size":"auto","background-attachment":"scroll","background-type":"","background-media":"","overlay-type":"","overlay-color":"","overlay-opacity":"","overlay-gradient":""},"tablet":{"background-color":"","background-image":"","background-repeat":"repeat","background-position":"center center","background-size":"auto","background-attachment":"scroll","background-type":"","background-media":"","overlay-type":"","overlay-color":"","overlay-opacity":"","overlay-gradient":""},"mobile":{"background-color":"","background-image":"","background-repeat":"repeat","background-position":"center center","background-size":"auto","background-attachment":"scroll","background-type":"","background-media":"","overlay-type":"","overlay-color":"","overlay-opacity":"","overlay-gradient":""}},"ast-content-background-meta":{"desktop":{"background-color":"var(--ast-global-color-5)","background-image":"","background-repeat":"repeat","background-position":"center center","background-size":"auto","background-attachment":"scroll","background-type":"","background-media":"","overlay-type":"","overlay-color":"","overlay-opacity":"","overlay-gradient":""},"tablet":{"background-color":"var(--ast-global-color-5)","background-image":"","background-repeat":"repeat","background-position":"center center","background-size":"auto","background-attachment":"scroll","background-type":"","background-media":"","overlay-type":"","overlay-color":"","overlay-opacity":"","overlay-gradient":""},"mobile":{"background-color":"var(--ast-global-color-5)","background-image":"","background-repeat":"repeat","background-position":"center center","background-size":"auto","background-attachment":"scroll","background-type":"","background-media":"","overlay-type":"","overlay-color":"","overlay-opacity":"","overlay-gradient":""}}},"product_brand":[],"product_cat":[57],"product_tag":[],"class_list":{"0":"post-2475","1":"product","2":"type-product","3":"status-publish","4":"has-post-thumbnail","6":"product_cat-marjahedelma","7":"desktop-align-left","8":"tablet-align-left","9":"mobile-align-left","11":"first","12":"instock","13":"shipping-taxable","14":"purchasable","15":"product-type-simple"},"yoast_head":"<!-- This site is optimized with the Yoast SEO plugin v26.9 - https:\/\/yoast.com\/product\/yoast-seo-wordpress\/ -->\n<title>MALUS &#039;PEKKA&#039; Omenapuu Syyslajike -<\/title>\n<meta name=\"robots\" content=\"index, follow, max-snippet:-1, max-image-preview:large, max-video-preview:-1\" \/>\n<link rel=\"canonical\" href=\"https:\/\/www.hantulantaimi.fi\/?product=malus-pekka-omenapuu\" \/>\n<meta property=\"og:locale\" content=\"fi_FI\" \/>\n<meta property=\"og:type\" content=\"article\" \/>\n<meta property=\"og:title\" content=\"MALUS &#039;PEKKA&#039; Omenapuu Syyslajike -\" \/>\n<meta property=\"og:description\" content=\"Myyntikoko: latvustaimi C7,5 Perusrunko: antonovka syyslajike, hedelm\u00e4 poikkeavan tummakuorinen, pieni tai keskikokoinen, kolhuja kest\u00e4v\u00e4 ja eritt\u00e4in makea, kest\u00e4\u00e4 hyvin muumiotautia ja melko hyvin rupea. Taimiv\u00e4li: 4-5 m Kasvupaikka: Omenapuut tarvitsevat paljon valoa, l\u00e4mp\u00f6\u00e4 ja ravinteita, kasvualustan tulee olla v\u00e4hint\u00e4\u00e4n 80 cm syvyydelt\u00e4\u00e4n ja metrin leveydelt\u00e4 kuohkeaa, tuoretta, peruskalkittua ja -lannoitettua multaa. Ymp\u00e4rist\u00f6st\u00e4\u00e4n noin 30 cm korkeammalla sijaitseva kohopenkki ja salaojitus varmistavat, ettei juuristo tukehdu veteen. Parhaimmillaan kohopenkki tekee pienilmastosta yht\u00e4 menestysvy\u00f6hykett\u00e4 suotuisamman. Vy\u00f6hyke: V\" \/>\n<meta property=\"og:url\" content=\"https:\/\/www.hantulantaimi.fi\/?product=malus-pekka-omenapuu\" \/>\n<meta property=\"article:modified_time\" content=\"2025-02-06T12:29:09+00:00\" \/>\n<meta property=\"og:image\" content=\"https:\/\/www.hantulantaimi.fi\/wp-content\/uploads\/2019\/03\/Omena-Pekka-5.9.05-oksa2-copy-e1582540604375.jpg\" \/>\n\t<meta property=\"og:image:width\" content=\"1862\" \/>\n\t<meta property=\"og:image:height\" content=\"1500\" \/>\n\t<meta property=\"og:image:type\" content=\"image\/jpeg\" \/>\n<meta name=\"twitter:card\" content=\"summary_large_image\" \/>\n<script type=\"application\/ld+json\" class=\"yoast-schema-graph\">{\"@context\":\"https:\/\/schema.org\",\"@graph\":[{\"@type\":\"WebPage\",\"@id\":\"https:\/\/www.hantulantaimi.fi\/?product=malus-pekka-omenapuu\",\"url\":\"https:\/\/www.hantulantaimi.fi\/?product=malus-pekka-omenapuu\",\"name\":\"MALUS 'PEKKA' Omenapuu Syyslajike -\",\"isPartOf\":{\"@id\":\"https:\/\/www.hantulantaimi.fi\/#website\"},\"primaryImageOfPage\":{\"@id\":\"https:\/\/www.hantulantaimi.fi\/?product=malus-pekka-omenapuu#primaryimage\"},\"image\":{\"@id\":\"https:\/\/www.hantulantaimi.fi\/?product=malus-pekka-omenapuu#primaryimage\"},\"thumbnailUrl\":\"https:\/\/www.hantulantaimi.fi\/wp-content\/uploads\/2019\/03\/Omena-Pekka-5.9.05-oksa2-copy-e1582540604375.jpg\",\"datePublished\":\"2019-03-21T13:17:26+00:00\",\"dateModified\":\"2025-02-06T12:29:09+00:00\",\"breadcrumb\":{\"@id\":\"https:\/\/www.hantulantaimi.fi\/?product=malus-pekka-omenapuu#breadcrumb\"},\"inLanguage\":\"fi\",\"potentialAction\":[{\"@type\":\"ReadAction\",\"target\":[\"https:\/\/www.hantulantaimi.fi\/?product=malus-pekka-omenapuu\"]}]},{\"@type\":\"ImageObject\",\"inLanguage\":\"fi\",\"@id\":\"https:\/\/www.hantulantaimi.fi\/?product=malus-pekka-omenapuu#primaryimage\",\"url\":\"https:\/\/www.hantulantaimi.fi\/wp-content\/uploads\/2019\/03\/Omena-Pekka-5.9.05-oksa2-copy-e1582540604375.jpg\",\"contentUrl\":\"https:\/\/www.hantulantaimi.fi\/wp-content\/uploads\/2019\/03\/Omena-Pekka-5.9.05-oksa2-copy-e1582540604375.jpg\",\"width\":1862,\"height\":1500,\"caption\":\"OLYMPUS DIGITAL CAMERA\"},{\"@type\":\"BreadcrumbList\",\"@id\":\"https:\/\/www.hantulantaimi.fi\/?product=malus-pekka-omenapuu#breadcrumb\",\"itemListElement\":[{\"@type\":\"ListItem\",\"position\":1,\"name\":\"Home\",\"item\":\"https:\/\/www.hantulantaimi.fi\/\"},{\"@type\":\"ListItem\",\"position\":2,\"name\":\"Valikoima\",\"item\":\"https:\/\/www.hantulantaimi.fi\/?page_id=768\"},{\"@type\":\"ListItem\",\"position\":3,\"name\":\"MALUS &#8217;PEKKA&#8217; Omenapuu Syyslajike\"}]},{\"@type\":\"WebSite\",\"@id\":\"https:\/\/www.hantulantaimi.fi\/#website\",\"url\":\"https:\/\/www.hantulantaimi.fi\/\",\"name\":\"\",\"description\":\"\",\"potentialAction\":[{\"@type\":\"SearchAction\",\"target\":{\"@type\":\"EntryPoint\",\"urlTemplate\":\"https:\/\/www.hantulantaimi.fi\/?s={search_term_string}\"},\"query-input\":{\"@type\":\"PropertyValueSpecification\",\"valueRequired\":true,\"valueName\":\"search_term_string\"}}],\"inLanguage\":\"fi\"}]}<\/script>\n<!-- \/ Yoast SEO plugin. -->","yoast_head_json":{"title":"MALUS 'PEKKA' Omenapuu Syyslajike -","robots":{"index":"index","follow":"follow","max-snippet":"max-snippet:-1","max-image-preview":"max-image-preview:large","max-video-preview":"max-video-preview:-1"},"canonical":"https:\/\/www.hantulantaimi.fi\/?product=malus-pekka-omenapuu","og_locale":"fi_FI","og_type":"article","og_title":"MALUS 'PEKKA' Omenapuu Syyslajike -","og_description":"Myyntikoko: latvustaimi C7,5 Perusrunko: antonovka syyslajike, hedelm\u00e4 poikkeavan tummakuorinen, pieni tai keskikokoinen, kolhuja kest\u00e4v\u00e4 ja eritt\u00e4in makea, kest\u00e4\u00e4 hyvin muumiotautia ja melko hyvin rupea. Taimiv\u00e4li: 4-5 m Kasvupaikka: Omenapuut tarvitsevat paljon valoa, l\u00e4mp\u00f6\u00e4 ja ravinteita, kasvualustan tulee olla v\u00e4hint\u00e4\u00e4n 80 cm syvyydelt\u00e4\u00e4n ja metrin leveydelt\u00e4 kuohkeaa, tuoretta, peruskalkittua ja -lannoitettua multaa. Ymp\u00e4rist\u00f6st\u00e4\u00e4n noin 30 cm korkeammalla sijaitseva kohopenkki ja salaojitus varmistavat, ettei juuristo tukehdu veteen. Parhaimmillaan kohopenkki tekee pienilmastosta yht\u00e4 menestysvy\u00f6hykett\u00e4 suotuisamman. Vy\u00f6hyke: V","og_url":"https:\/\/www.hantulantaimi.fi\/?product=malus-pekka-omenapuu","article_modified_time":"2025-02-06T12:29:09+00:00","og_image":[{"width":1862,"height":1500,"url":"https:\/\/www.hantulantaimi.fi\/wp-content\/uploads\/2019\/03\/Omena-Pekka-5.9.05-oksa2-copy-e1582540604375.jpg","type":"image\/jpeg"}],"twitter_card":"summary_large_image","schema":{"@context":"https:\/\/schema.org","@graph":[{"@type":"WebPage","@id":"https:\/\/www.hantulantaimi.fi\/?product=malus-pekka-omenapuu","url":"https:\/\/www.hantulantaimi.fi\/?product=malus-pekka-omenapuu","name":"MALUS 'PEKKA' Omenapuu Syyslajike -","isPartOf":{"@id":"https:\/\/www.hantulantaimi.fi\/#website"},"primaryImageOfPage":{"@id":"https:\/\/www.hantulantaimi.fi\/?product=malus-pekka-omenapuu#primaryimage"},"image":{"@id":"https:\/\/www.hantulantaimi.fi\/?product=malus-pekka-omenapuu#primaryimage"},"thumbnailUrl":"https:\/\/www.hantulantaimi.fi\/wp-content\/uploads\/2019\/03\/Omena-Pekka-5.9.05-oksa2-copy-e1582540604375.jpg","datePublished":"2019-03-21T13:17:26+00:00","dateModified":"2025-02-06T12:29:09+00:00","breadcrumb":{"@id":"https:\/\/www.hantulantaimi.fi\/?product=malus-pekka-omenapuu#breadcrumb"},"inLanguage":"fi","potentialAction":[{"@type":"ReadAction","target":["https:\/\/www.hantulantaimi.fi\/?product=malus-pekka-omenapuu"]}]},{"@type":"ImageObject","inLanguage":"fi","@id":"https:\/\/www.hantulantaimi.fi\/?product=malus-pekka-omenapuu#primaryimage","url":"https:\/\/www.hantulantaimi.fi\/wp-content\/uploads\/2019\/03\/Omena-Pekka-5.9.05-oksa2-copy-e1582540604375.jpg","contentUrl":"https:\/\/www.hantulantaimi.fi\/wp-content\/uploads\/2019\/03\/Omena-Pekka-5.9.05-oksa2-copy-e1582540604375.jpg","width":1862,"height":1500,"caption":"OLYMPUS DIGITAL CAMERA"},{"@type":"BreadcrumbList","@id":"https:\/\/www.hantulantaimi.fi\/?product=malus-pekka-omenapuu#breadcrumb","itemListElement":[{"@type":"ListItem","position":1,"name":"Home","item":"https:\/\/www.hantulantaimi.fi\/"},{"@type":"ListItem","position":2,"name":"Valikoima","item":"https:\/\/www.hantulantaimi.fi\/?page_id=768"},{"@type":"ListItem","position":3,"name":"MALUS &#8217;PEKKA&#8217; Omenapuu Syyslajike"}]},{"@type":"WebSite","@id":"https:\/\/www.hantulantaimi.fi\/#website","url":"https:\/\/www.hantulantaimi.fi\/","name":"","description":"","potentialAction":[{"@type":"SearchAction","target":{"@type":"EntryPoint","urlTemplate":"https:\/\/www.hantulantaimi.fi\/?s={search_term_string}"},"query-input":{"@type":"PropertyValueSpecification","valueRequired":true,"valueName":"search_term_string"}}],"inLanguage":"fi"}]}},"_links":{"self":[{"href":"https:\/\/www.hantulantaimi.fi\/index.php?rest_route=\/wp\/v2\/product\/2475","targetHints":{"allow":["GET"]}}],"collection":[{"href":"https:\/\/www.hantulantaimi.fi\/index.php?rest_route=\/wp\/v2\/product"}],"about":[{"href":"https:\/\/www.hantulantaimi.fi\/index.php?rest_route=\/wp\/v2\/types\/product"}],"version-history":[{"count":9,"href":"https:\/\/www.hantulantaimi.fi\/index.php?rest_route=\/wp\/v2\/product\/2475\/revisions"}],"predecessor-version":[{"id":8072,"href":"https:\/\/www.hantulantaimi.fi\/index.php?rest_route=\/wp\/v2\/product\/2475\/revisions\/8072"}],"wp:featuredmedia":[{"embeddable":true,"href":"https:\/\/www.hantulantaimi.fi\/index.php?rest_route=\/wp\/v2\/media\/2476"}],"wp:attachment":[{"href":"https:\/\/www.hantulantaimi.fi\/index.php?rest_route=%2Fwp%2Fv2%2Fmedia&parent=2475"}],"wp:term":[{"taxonomy":"product_brand","embeddable":true,"href":"https:\/\/www.hantulantaimi.fi\/index.php?rest_route=%2Fwp%2Fv2%2Fproduct_brand&post=2475"},{"taxonomy":"product_cat","embeddable":true,"href":"https:\/\/www.hantulantaimi.fi\/index.php?rest_route=%2Fwp%2Fv2%2Fproduct_cat&post=2475"},{"taxonomy":"product_tag","embeddable":true,"href":"https:\/\/www.hantulantaimi.fi\/index.php?rest_route=%2Fwp%2Fv2%2Fproduct_tag&post=2475"}],"curies":[{"name":"wp","href":"https:\/\/api.w.org\/{rel}","templated":true}]}}